220 divide 2039009?
False
Does 147 divide 468048?
True
Does 340 divide 488505?
False
Is 888 a factor of 753732?
False
Does 7 divide 638302?
True
Does 106 divide 275706?
True
Is 4192785 a multiple of 69?
True
Does 51 divide 14050194?
True
Is 682134 a multiple of 138?
True
Is 17 a factor of 129699?
False
Does 8 divide 173527?
False
Is 8 a factor of 132860?
False
Does 539 divide 536844?
True
Does 24 divide 8558208?
True
Is 2673148 a multiple of 13?
False
Is 363 a factor of 19242993?
True
Does 24 divide 1293912?
True
Is 53 a factor of 1872894?
False
Is 926325 a multiple of 75?
True
Does 103 divide 267367?
False
Is 224515 a multiple of 11?
False
Is 116 a factor of 294176?
True
Is 169 a factor of 4033901?
False
Does 77 divide 50761?
False
Is 329574 even?
True
Does 3 divide 16571?
False
Does 9 divide 1220999?
False
Is 5788176 a multiple of 641?
False
Does 15 divide 253424?
False
Does 44 divide 2596284?
False
Is 37 a factor of 17242?
True
Is 9845893 a multiple of 123?
False
Is 58 a factor of 6388020?
False
Is 1403456 a multiple of 12?
False
Does 13 divide 14318697?
False
Does 24 divide 22210488?
True
Is 42 a factor of 384152?
False
Is 1785417 a multiple of 4?
False
Is 387365 a multiple of 257?
False
Is 128574 a multiple of 80?
False
Is 2199521 a multiple of 565?
False
Is 322 a factor of 276942?
False
Does 282 divide 9164718?
True
Does 41 divide 151313?
False
Does 142 divide 595122?
True
Is 167185 a multiple of 73?
False
Is 223 a factor of 599382?
False
Does 3 divide 4029223?
False
Is 17909 a multiple of 113?
False
Is 295 a factor of 79355?
True
Does 180 divide 694433?
False
Does 135 divide 697734?
False
Does 11 divide 1591942?
True
Is 627224 a multiple of 37?
True
Is 134 a factor of 507478?
False
Does 592 divide 556296?
False
Is 9 a factor of 25929?
True
Is 8 a factor of 1874335?
False
Is 216538 a multiple of 14?
True
Is 14 a factor of 1460795?
False
Is 11 a factor of 7886429?
False
Does 61 divide 38674?
True
Is 487026 a multiple of 5?
False
Is 13 a factor of 23928?
False
Is 422 a factor of 959206?
True
Is 5 a factor of 6185?
True
Is 84606 a multiple of 56?
False
Is 144 a factor of 7060176?
True
Is 46 a factor of 61134?
True
Is 267317 a multiple of 3?
False
Does 394 divide 237582?
True
Is 3925460 a multiple of 5?
True
Is 555 a factor of 20997870?
True
Does 557 divide 192165?
True
Does 888 divide 25216536?
True
Is 163 a factor of 209722?
False
Is 29 a factor of 1144608?
False
Does 255 divide 4281?
False
Is 24 a factor of 1472575?
False
Is 845025 a multiple of 75?
True
Does 1172 divide 11953228?
True
Does 35 divide 76497?
False
Does 325 divide 3131050?
True
Is 101 a factor of 2805810?
False
Does 371 divide 12284994?
False
Is 12 a factor of 49109?
False
Is 311584 a multiple of 416?
True
Is 648 a factor of 3528360?
True
Is 17989 a multiple of 45?
False
Is 8 a factor of 96160?
True
Does 86 divide 29806?
False
Does 22 divide 621830?
True
Is 3842036 a multiple of 29?
True
Does 136 divide 23438167?
False
Does 35 divide 2451988?
False
Does 419 divide 455872?
True
Is 48 a factor of 402449?
False
Is 68 a factor of 130560?
True
Does 20 divide 2338496?
False
Is 48 a factor of 297456?
True
Is 9964590 a multiple of 193?
True
Does 15 divide 349380?
True
Is 3162456 a multiple of 1089?
True
Is 238 a factor of 7866546?
False
Is 1431 a factor of 3993765?
False
Is 11 a factor of 1389139?
False
Does 195 divide 158340?
True
Is 62 a factor of 19225?
False
Is 19 a factor of 311787?
False
Does 13 divide 410659?
False
Is 2389025 a multiple of 298?
False
Does 264 divide 177777?
False
Does 41 divide 116895?
False
Is 61248 a multiple of 319?
True
Is 2935647 a multiple of 9?
True
Is 464565 a multiple of 102?
False
Does 277 divide 248469?
True
Does 10 divide 1248890?
True
Is 2681898 a multiple of 476?
False
Is 25650 a multiple of 9?
True
Is 1139560 a multiple of 310?
True
Is 2018161 a multiple of 5?
False
Is 661360 a multiple of 20?
True
Is 168371 a multiple of 2?
False
Does 5 divide 74900?
True
Does 180 divide 1872540?
True
Is 8 a factor of 544?
True
Is 987 a factor of 804405?
True
Does 40 divide 1192200?
True
Does 67 divide 681993?
True
Does 16 divide 5688?
False
Does 303 divide 668115?
True
Is 30776 a multiple of 67?
False
Is 51 a factor of 38125?
False
Does 68 divide 200056?
True
Does 2 divide 28805?
False
Is 58562 a multiple of 3?
False
Does 10 divide 7855700?
True
Does 39 divide 11770863?
True
Is 3 a factor of 111348?
True
Is 21 a factor of 3829497?
True
Is 612528 a multiple of 112?
True
Is 229 a factor of 237473?
True
Is 83 a factor of 4158881?
True
Does 43 divide 11368?
False
Is 47 a factor of 3510289?
True
Is 12 a factor of 276720?
True
Is 782 a factor of 5556110?
True
Is 62748 a multiple of 21?
True
Is 147350 a multiple of 7?
True
Is 8 a factor of 261712?
True
Does 28 divide 465304?
True
Is 123 a factor of 795564?
True
Is 74973 a multiple of 45?
False
Is 1698 a factor of 11322264?
True
Does 34 divide 131376?
True
Is 50 a factor of 1154362?
False
Is 731 a factor of 8131156?
False
Is 6133428 a multiple of 228?
True
Is 3583675 a multiple of 29?
True
Is 19 a factor of 1077832?
True
Is 355770 a multiple of 59?
True
Is 5 a factor of 319423?
False
Is 116490 a multiple of 353?
True
Is 2854856 a multiple of 883?
False
Does 11 divide 8705631?
True
Is 193057 a multiple of 2?
False
Is 462 a factor of 332384?
False
Is 199344 a multiple of 48?
True
Does 121 divide 506381?
False
Is 76 a factor of 378351?
False
Is 2489616 a multiple of 1377?
True
Is 5 a factor of 20291?
False
Is 223 a factor of 223669?
True
Is 65665 a multiple of 115?
True
Is 541544 a multiple of 140?
False
Is 313 a factor of 5308763?
False
Is 5242770 a multiple of 26?
True
Is 20 a factor of 20463?
False
Is 232 a factor of 1003720?
False
Does 252 divide 1985935?
False
Does 29 divide 99789?
True
Does 10 divide 2907400?
True
Is 1239520 a multiple of 127?
True
Is 10 a factor of 740864?
False
Is 12670933 a multiple of 43?
False
Is 30330 a multiple of 90?
True
Is 2052342 a multiple of 18?
True
Is 895078 a multiple of 262?
False
Is 2573063 a multiple of 22?
False
Is 26 a factor of 1927120?
True
Is 6091707 a multiple of 323?
False
Is 4728958 a multiple of 221?
True
Is 90048 a multiple of 42?
True
Does 8 divide 11207804?
False
Is 37 a factor of 418493?
False
Is 364177 a multiple of 92?
False
Does 365 divide 146194?
False
Is 151346 a multiple of 175?
False
Does 5 divide 1052803?
False
Is 21 a factor of 3152810?
False
Is 176 a factor of 1386528?
True
Is 167 a factor of 353340?
False
Is 231 a factor of 6582576?
True
Is 1639 a factor of 9801644?
False
Is 52 a factor of 179927?
False
Is 14352417 a multiple of 259?
False
Is 247 a factor of 14841648?
False
Does 176 divide 145336?
False
Does 132 divide 57684?
True
Is 210216 a multiple of 461?
True
Does 185 divide 28102?
False
Does 79 divide 18112804?
True
Is 12 a factor of 79500?
True
Is 49146 a multiple of 6?
True
Is 957456 a multiple of 144?
True
Is 696 a factor of 17241312?
True
Is 9 a factor of 59615?
False
Is 17646615 a multiple of 21?
True
Does 97 divide 76339?
True
Is 11 a factor of 831105?
True
Does 282 divide 5516?
False
Is 273 a factor of 300762?
False
Does 409 divide 56851?
True
Is 204875 a multiple of 11?
True
Is 1814632 a multiple of 26?
False
Is 11 a factor of 9684997?
False
Is 5993961 a multiple of 69?
True
Is 792169 a multiple of 193?
False
Is 72632 a multiple of 8?
True
Is 22 a factor of 3813150?
True
Does 410 divide 1911028?
False
Is 230346 a multiple of 3?
True
Is 6111140 a multiple of 439?
False
Is 170825 a multiple of 345?
False
Is 409913 a multiple of 55?
False
Is 118637 a multiple of 24?
False
Is 127 a factor of 884989?
False
Is 228682 a multiple of 575?
False
Is 8989657 a multiple of 249?
False
Does 7 divide 213624?
False
Is 30 a factor of 174348?
False
Is 268404 a multiple of 12?
True
Is 89 a factor of 12469164?
False
Does 13 divide 535003?
False
Does 14 divide 382606?
True
Is 125 a factor of 343788?
False
Is 15659910 a multiple of 1407?
True
Is 518410 a multiple of 235?
True
Does 11 divide 1265099?
True
Does 14 divide 544124?
True
Does 19 divide 3249067?
False
Does 83 divide 6174530?
False
Does 45 divide 313830?
True
Is 70 a factor of 1940820?
True
Does 48 divide 443712?
True
Is 104 a factor of 40647?
False
Is 10090 a multiple of 14?
False
Is 15 a factor of